 the greatest common divisor of 5 and 12029.
1
Calculate the greatest common divisor of 8397 and 972.
27
What is the greatest common divisor of 34160 and 31360?
560
Calculate the greatest common factor of 8469 and 1881.
9
Calculate the greatest common factor of 760 and 545.
5
What is the greatest common factor of 196466 and 46?
46
Calculate the highest common factor of 5491949 and 1555.
311
What is the highest common factor of 59676 and 6?
6
Calculate the highest common factor of 30951 and 855.
171
What is the greatest common factor of 1510709 and 1311?
437
What is the greatest common divisor of 37884 and 168?
84
What is the greatest common factor of 4887779 and 13?
13
What is the highest common divisor of 8190 and 74802?
546
What is the highest common divisor of 44555 and 315?
35
What is the highest common divisor of 615989 and 957?
319
What is the greatest common divisor of 405 and 3100?
5
What is the greatest common divisor of 1089162 and 18?
18
Calculate the highest common divisor of 41804 and 112.
28
Calculate the highest common factor of 1656 and 603.
9
Calculate the highest common factor of 28 and 3670058.
14
Calculate the highest common divisor of 141983 and 41.
41
Calculate the greatest common factor of 97 and 1552.
97
What is the greatest common divisor of 36 and 12654?
18
What is the greatest common divisor of 2465 and 15776?
493
What is the greatest common divisor of 1911 and 8853?
39
What is the highest common factor of 118098 and 162?
162
What is the greatest common factor of 265 and 3339?
53
What is the highest common divisor of 199 and 1032213?
199
Calculate the greatest common factor of 16 and 41872.
16
Calculate the greatest common divisor of 176 and 5104.
176
Calculate the highest common factor of 3 and 26097.
3
Calculate the highest common factor of 14 and 17234014.
14
What is the greatest common factor of 12200 and 75945?
305
Calculate the highest common divisor of 93328 and 44.
4
What is the greatest common divisor of 1300 and 8476?
52
What is the highest common divisor of 10322 and 39?
13
Calculate the highest common factor of 98 and 11039.
7
What is the greatest common divisor of 11862 and 32?
2
Calculate the greatest common factor of 24 and 429224.
8
What is the highest common divisor of 1144 and 344?
8
Calculate the greatest common divisor of 288 and 170304.
96
What is the highest common factor of 1200 and 502320?
240
What is the highest common divisor of 21981 and 34?
17
Calculate the highest common divisor of 756 and 7364.
28
Calculate the highest common divisor of 6 and 2301429.
3
Calculate the highest common factor of 88 and 152911.
11
What is the greatest common factor of 63 and 134967?
21
What is the highest common divisor of 2376 and 3072?
24
Calculate the greatest common divisor of 5757061 and 23.
23
What is the greatest common factor of 108825 and 2475?
75
Calculate the greatest common factor of 422925 and 675.
75
What is the greatest common factor of 600285 and 30?
15
What is the highest common factor of 11849 and 527?
17
What is the greatest common divisor of 53621 and 87?
29
What is the greatest common factor of 75580 and 40?
20
Calculate the highest common divisor of 240 and 23264.
16
What is the greatest common factor of 42560 and 17780?
140
Calculate the highest common divisor of 196 and 1519532.
28
Calculate the highest common factor of 1935638 and 4.
2
Calculate the greatest common factor of 5612 and 146644.
244
Calculate the highest common divisor of 128 and 444672.
128
What is the greatest common factor of 1701 and 4347?
189
Calculate the greatest common factor of 3576 and 6008872.
1192
Calculate the highest common factor of 3 and 8761.
1
What is the greatest common divisor of 96 and 27984?
48
What is the highest common factor of 159194 and 1328?
166
What is the greatest common divisor of 885 and 20414?
59
What is the highest common divisor of 126 and 621999?
63
Calculate the highest common factor of 403536 and 7056.
336
Calculate the highest common factor of 220 and 12860.
20
Calculate the highest common factor of 29541 and 2709.
129
Calculate the greatest common divisor of 13629779 and 61.
61
Calculate the highest common factor of 31232 and 46360.
488
What is the highest common divisor of 7169 and 856?
107
What is the greatest common divisor of 522 and 8802?
18
Calculate the greatest common factor of 10 and 93634.
2
What is the greatest common factor of 175617 and 117?
117
Calculate the highest common factor of 271559 and 16391.
443
Calculate the greatest common divisor of 1323338 and 3310.
662
What is the greatest common divisor of 31104 and 594?
54
What is the greatest common divisor of 24576 and 544?
32
What is the greatest common divisor of 19 and 1264507?
19
What is the greatest common divisor of 92169 and 666?
9
Calculate the greatest common factor of 10 and 334570.
10
What is the greatest common factor of 873054 and 615?
123
Calculate the highest common factor of 51 and 3203.
1
What is the greatest common divisor of 748 and 41191?
17
Calculate the greatest common divisor of 518712 and 24.
24
Calculate the highest common factor of 1572 and 5.
1
Calculate the greatest common divisor of 246467 and 26.
13
What is the highest common divisor of 632 and 3871?
79
Calculate the greatest common divisor of 101296 and 2808.
104
Calculate the greatest common factor of 1465 and 75301.
293
What is the greatest common divisor of 2223 and 14573?
247
Calculate the greatest common divisor of 42276 and 60.
12
Calculate the greatest common divisor of 11 and 565323.
11
What is the greatest common factor of 548181 and 79?
79
Calculate the greatest common divisor of 5117 and 1666.
119
What is the greatest common divisor of 6254 and 7738?
106
Calculate the highest common divisor of 48008 and 34.
34
Calculate the greatest common factor of 142331 and 7.
7
What is the highest common divisor of 2089 and 8?
1
What is the greatest common factor of 735 and 7485?
15
Calculate the greatest common factor of 2058666 and 3.
3
What is the highest common factor of 862 and 11978783?
431
Calculate the highest common divisor of 120 and 552.
24
Calculate the greatest common divisor of 34 and 73304.
34
Calculate the greatest common divisor of 132091 and 31.
31
Calculate the highest common divisor of 744266 and 5516.
394
Calculate the highest common factor of 36325 and 50.
25
What is the highest common divisor of 35900 and 625?
25
What is the highest common factor of 643450 and 1275?
425
What is the highest common factor of 6670345 and 460?
115
Calculate the greatest common factor of 5330 and 19885.
205
Calculate the greatest common divisor of 7462 and 22568.
182
Calculate the greatest common divisor of 756 and 1308258.
378
Calculate the greatest common divisor of 32500 and 260.
260
Calculate the highest common divisor of 38240 and 8.
8
Calculate the greatest common divisor of 58006 and 380822.
2522
What is the highest common factor of 3308 and 68?
4
Calculate the greatest common divisor of 8 and 54058.
2
Calculate the greatest common divisor of 88781 and 4612.
1153
Calculate the highest common divisor of 60426 and 324.
162
Calculate the greatest common factor of 65024 and 1904.
16
What is the greatest common divisor of 91585 and 15?
5
Calculate the greatest common factor of 476266 and 21.
7
What is the highest common divisor of 5577 and 3887?
169
What is the greatest common divisor of 2198 and 691742?
314
Calculate the highest common factor of 159243 and 21.
21
What is the highest common divisor of 498190 and 50?
10
Calculate the highest common divisor of 8550 and 209.
19
What is the greatest common divisor of 217 and 103571?
31
Calculate the highest common factor of 74928 and 784.
112
What is the greatest common factor of 314 and 26219?
157
What is the greatest common divisor of 109935 and 15?
15
Calculate the highest common factor of 420885 and 30.
15
Calculate the greatest common factor of 22368 and 6832.
16
Calculate the highest common factor of 18 and 64278.
18
Calculate the highest common divisor of 1080 and 25980.
60
Calculate the highest common factor of 30426 and 3564.
66
What is the greatest common factor of 1651 and 6096?
127
Calculate the greatest common factor of 15 and 1837890.
15
What is the highest common factor 